uppose -24 = -4*m + 32. Suppose 4*a - 96 = -4*o, -a - 2*a + 4*o + 65 = 0. Let p = a - m. Calculate the remainder when p is divided by 6.
3
Suppose -2*u + 5 = 2*g + g, 4*u = -5*g + 13. What is the remainder when u is divided by (-3 + 0)/(6/(-8))?
3
Calculate the remainder when 153 is divided by (1*31)/(13/13).
29
Let t be 27/6*1*2. Suppose 2*z - t + 3 = 0. What is the remainder when 3 is divided by z?
0
Let o(t) = t**3 - 6*t**2 - t + 7. Suppose -3*l + 6 = -l, 0 = -4*w - 5*l + 39. Let p(h) = -h**3 + 3*h**2 - 1. What is the remainder when p(1) is divided by o(w)?
0
What is the remainder when (-135)/6*1/((-3)/4) is divided by 3?
0
Let r = -25 - -36. Calculate the remainder when 53 is divided by r.
9
Suppose -2*d + 0*d + 120 = 0. Suppose -w + 6*w = d. Let q(x) = x**2 - 2. What is the remainder when q(-6) is divided by w?
10
Let r(g) = -g**3 - 15*g**2 - 15*g + 19. Calculate the remainder when 98 is divided by r(-14).
32
Let p(o) = 5*o + 7. Let a(r) = 5*r + 8. Let t(s) = 4*a(s) - 5*p(s). What is the remainder when t(-7) is divided by 17?
15
Suppose 51 = 3*b - 5*u, -2*b + u + 8 = -26. Let g = 12 + b. Calculate the remainder when g is divided by 10.
9
Suppose -5*d = 13 + 7. Let r = 3 - d. Let z = 182 + -180. Calculate the remainder when r is divided by z.
1
Let p(b) = -21*b**3 - 2*b**2 + b + 2. What is the remainder when p(-1) is divided by 11?
9
Suppose 0 = -5*r + 2*b + 221, 5*b - 8 - 20 = -r. Suppose -3 = -q + 5*w, -r = -5*q - 3*w - 0. What is the remainder when 23 is divided by q?
7
Suppose -4*o = -5*n - 305 + 76, -5*o + 4*n + 293 = 0. Suppose 6*h - 4*h = 62. What is the remainder when o is divided by h?
30
Let h = -31 - -85. What is the remainder when h is divided by 19?
16
Let o(a) = 19*a**2 - a. What is the remainder when o(-1) is divided by 3?
2
Calculate the remainder when 14 is divided by 97/11 - 12/(-66).
5
Suppose 5*w - 2*w = -m + 6, -10 = -5*w + 3*m. Let i = -3 + 9. Let f = i - 2. What is the remainder when f is divided by w?
0
Let t(q) = 13*q + 7. Calculate the remainder when 129 is divided by t(2).
30
Suppose 52 = 4*q - 2*z, 4*q - 5*z - 24 = -10*z. What is the remainder when 30 is divided by q?
8
Suppose -k - 44 = 6*q - q, 3*k = -q - 20. Let r = 18 + q. What is the remainder when r is divided by 4?
2
Let f(j) be the first derivative of j**3/3 - 5*j**2/2 - 5*j + 4. Let s be f(6). Let d(i) = 8*i**2 + i - 1. Calculate the remainder when d(s) is divided by 5.
3
Suppose 2*r = -3*d + 7, 3*r + 2*d - 8 = -0*r. Calculate the remainder when 53 - 0 - 6/r is divided by 13.
11
Suppose -d + 17 = -4*k - 14, 3*d = 5*k + 58. What is the remainder when d is divided by 3?
2
Suppose 5*i - 19 = 21. Suppose -3*f = -i*f + 255. What is the remainder when f is divided by 18?
15
Suppose t + 4 = 5*t, -57 = -3*o + 3*t. Let k be (-2 - -5)*4/3. Suppose -293 = -5*l + g, k*l - l + g - 171 = 0. What is the remainder when l is divided by o?
18
Suppose -2*s + 17 + 14 = -3*t, 4*t = -20. Let w(u) = u**2 + 5*u + 5. Calculate the remainder when s is divided by w(-5).
3
Let s(a) = -a**3 - 9*a**2 - 10*a - 9. What is the remainder when s(-9) is divided by 21?
18
What is the remainder when 14 is divided by (-3)/(28/20 + -2)?
4
Suppose 0 = -6*t + 8*t - 98. What is the remainder when 97 is divided by t?
48
Suppose 0 = -0*q - 3*q + 153. Calculate the remainder when q is divided by 18.
15
Suppose -d - 4*d = -80. Calculate the remainder when 35 is divided by d.
3
Let t = -7 + 9. Suppose -t*x = -x - 38. Calculate the remainder when x is divided by 20.
18
Suppose 6*f = 2*f - 4*i + 40, f = i. Suppose 0 = -f*o + 98 - 13. Calculate the remainder when ((-2)/3)/(1/(-75)) is divided by o.
16
Let q(o) = -6*o**2 - 4*o - 6. Suppose 0*l = 4*l + 4. Let g(t) = -t**2 + t + 1. Let a(u) = l*q(u) + 5*g(u). What is the remainder when a(-9) is divided by 4?
3
Let v = 16 + -13. What is the remainder when 2 - (-8 + (v - 4)) is divided by 7?
4
Let k(y) = 31*y + 2. Calculate the remainder when k(2) is divided by 134/6 - 1/3.
20
Let g(p) = -p + 6. Let f be g(3). Let h = f - 1. Calculate the remainder when h is divided by 1.
0
Let n(s) = 17*s - 1. Calculate the remainder when n(3) is divided by ((-4)/(-6))/(6/153).
16
Let b(m) = 14 - 4*m - m + 3*m + m. What is the remainder when 11 is divided by b(11)?
2
Let h(z) = -z**2 + z. Let n be h(1). Suppose -4*q = 2*x + 4, q + 1 = -2*x + 3*x. Suppose n = -x*i - i + 5. What is the remainder when i is divided by 2?
1
Suppose l - 3 = 12. What is the remainder when 27 is divided by l?
12
Suppose -j = -5*j - 3*v + 151, -2*j + 78 = 2*v. Let q = -1 + 2. Suppose -t + 13 = -0*t - n, q = -n. What is the remainder when j is divided by t?
10
Let u = 256 - 162. Calculate the remainder when u is divided by 24.
22
Let q = 2 - -23. Calculate the remainder when 74 is divided by q.
24
Suppose 0 = -0*m - 4*m - 84. Let s = 34 + m. Let z = 33 - s. What is the remainder when z is divided by 11?
9
Suppose 4*c - 74 + 10 = 0. Suppose d + 3*f - 31 = 24, -d - f = -59. Calculate the remainder when d is divided by c.
13
Let c be (0 + 0)*3/6. Suppose c*l - 95 = -5*l. Let k = l - 13. What is the remainder when k is divided by 4?
2
Let x be ((-3)/2)/(9/(-120)). Let h = -2 + x. What is the remainder when 53 is divided by h?
17
Suppose 2*i - 30 = -3*i. What is the remainder when 22 is divided by i?
4
Calculate the remainder when (-4 - -31) + -4 + 0 is divided by 6.
5
Let y be (-3)/2 - 10/(-4). Let z = -1 - y. Calculate the remainder when 28 is divided by z/((-6)/27) - -1.
8
Suppose -2*i - b + 77 = 0, 4*i + 3*b - 194 = -i. What is the remainder when i is divided by 8?
5
Let b = 17 - 8. Calculate the remainder when 23 is divided by b.
5
Let r = 30 - 22. Suppose r*y + 93 = 11*y. What is the remainder when y is divided by 16?
15
Suppose -s - s + 12 = 0. What is the remainder when s is divided by 4?
2
Suppose 4*l - 55 = w + 23, -w + 93 = 5*l. Suppose 3*f - 4*z = 5 + 111, -5*z + 98 = 3*f. Calculate the remainder when f is divided by l.
17
Let w(v) = 3*v**2 - 3*v**2 + v**2 - 1 - 6*v. Let b be w(4). Calculate the remainder when ((-6)/b)/((-2)/(-69)) is divided by 8.
7
Let u(i) = 2*i**2 - 4*i - 4. What is the remainder when 75 is divided by u(5)?
23
Suppose 3*z = 6, -4*v - 5*z = v - 80. Calculate the remainder when v is divided by ((-10)/(-3))/((-2)/(-3)).
4
Let n = 21 - 38. Let t = 0 - n. What is the remainder when t is divided by 6?
5
Let z be 2 + -2 + 1/(-1). Calculate the remainder when 3 is divided by 3/z*4/(-6).
1
Suppose -38 = -2*q - 3*w, 2*w = -2 - 2. Let v = 30 - -12. Calculate the remainder when v is divided by q.
20
Let i(j) = -6*j**3 - j. Calculate the remainder when 10 is divided by i(-1).
3
Let u(h) be the third derivative of -h**5/60 - 7*h**4/24 + h**3/6 + h**2. Let i be ((-5)/3)/((-1)/(-3)). Calculate the remainder when 32 is divided by u(i).
10
What is the remainder when 125 is divided by 33 - 1/(-2)*-2?
29
Let s(y) = y**3 - y**2 + 1. Let a(o) = -6*o**3 + 10*o**2 + 5*o - 4. Let z(t) = -a(t) - 5*s(t). What is the remainder when 12 is divided by z(6)?
2
Suppose -3*g + 75 = -4*o, 0 = -2*o + 5*o. Calculate the remainder when g is divided by 9.
7
Suppose 0*p - p = 0. Let d = p + 6. Let n(i) = 9*i**3 + i. Calculate the remainder when n(1) is divided by d.
4
Let g(h) be the first derivative of 2*h**2 + 3*h + 3. Let l be g(-4). Let c = -4 - l. What is the remainder when c is divided by 5?
4
Suppose -377 + 59 = -3*r. Suppose -9*h + r = -7*h. Let w = h + -13. What is the remainder when w is divided by 14?
12
Let z = -14 + 5. Suppose 72 = 4*u + 2*y, -2*u - 3*y = -0*u - 32. Calculate the remainder when u is divided by -1 - (z - (-2)/2).
5
Let a(x) be the third derivative of x**5/60 + x**4/4 + 4*x**3/3 - 4*x**2. What is the remainder when 27 is divided by a(-7)?
12
Suppose 8*y + 53 = 9*y. Let c be -3*2/((-12)/(-10)). Let d = c + 23. What is the remainder when y is divided by d?
17
Let y(a) = -a**3 - 5*a**2 + 2*a - 26. Calculate the remainder when y(-8) is divided by 22.
18
Let k(z) = z**2 - 7*z - 13. What is the remainder when 14 is divided by k(9)?
4
Let x = 17 + -10. Let y = -5 + x. Suppose -z = y*z - 165. What is the remainder when z is divided by 19?
17
Let q be ((-7)/(21/36))/1. What is the remainder when 15 is divided by (q/10)/(12/(-40))?
3
Suppose 0 - 6 = -2*w + x, 3*x = -12. Let f(r) = 33*r - 1